91.
21
Calculate the greatest common divisor of 12 and 1068.
12
What is the highest common divisor of 60 and 20?
20
What is the highest common factor of 92 and 3887?
23
Calculate the highest common divisor of 11 and 1.
1
Calculate the greatest common divisor of 80 and 10.
10
What is the greatest common factor of 1969 and 358?
179
Calculate the highest common divisor of 1947 and 33.
33
Calculate the greatest common divisor of 45 and 1035.
45
What is the greatest common divisor of 16 and 11216?
16
What is the greatest common factor of 246 and 24?
6
Calculate the highest common divisor of 13 and 1157.
13
Calculate the greatest common factor of 851 and 74.
37
Calculate the highest common divisor of 48 and 1560.
24
What is the greatest common factor of 5 and 4?
1
Calculate the highest common factor of 176 and 6248.
88
What is the greatest common divisor of 7088 and 16?
16
What is the greatest common divisor of 3 and 96?
3
What is the highest common divisor of 29 and 1073?
29
What is the greatest common factor of 164 and 6?
2
Calculate the greatest common divisor of 37 and 1.
1
What is the greatest common factor of 3888 and 48?
48
Calculate the greatest common divisor of 44 and 12.
4
Calculate the greatest common divisor of 465 and 279.
93
Calculate the highest common divisor of 22 and 693.
11
Calculate the highest common factor of 143 and 130.
13
What is the highest common divisor of 1025 and 1394?
41
Calculate the highest common divisor of 9506 and 98.
98
What is the greatest common factor of 1212 and 42?
6
Calculate the highest common factor of 28 and 301.
7
What is the highest common divisor of 205 and 287?
41
Calculate the greatest common divisor of 1664 and 26.
26
What is the highest common factor of 15 and 365?
5
Calculate the highest common factor of 6 and 1062.
6
What is the highest common factor of 3159 and 39?
39
Calculate the greatest common factor of 3210 and 120.
30
What is the highest common divisor of 40 and 2710?
10
What is the greatest common divisor of 469 and 402?
67
Calculate the greatest common factor of 25 and 5.
5
What is the highest common divisor of 819 and 585?
117
Calculate the highest common divisor of 238 and 119.
119
Calculate the highest common factor of 825 and 33.
33
Calculate the highest common divisor of 3 and 43.
1
Calculate the highest common divisor of 51 and 68.
17
What is the greatest common factor of 656 and 287?
41
Calculate the greatest common factor of 135 and 60.
15
What is the greatest common factor of 1062 and 36?
18
What is the greatest common factor of 994 and 14?
14
What is the greatest common factor of 28 and 11732?
28
What is the greatest common divisor of 12 and 192?
12
What is the greatest common divisor of 54 and 864?
54
Calculate the highest common divisor of 48 and 150.
6
Calculate the highest common factor of 63 and 84.
21
What is the greatest common factor of 5080 and 30?
10
What is the highest common factor of 83 and 3071?
83
What is the greatest common factor of 99 and 47?
1
Calculate the highest common divisor of 33044 and 11.
11
Calculate the highest common divisor of 29 and 116.
29
Calculate the greatest common factor of 7182 and 672.
42
Calculate the greatest common divisor of 25 and 1150.
25
Calculate the highest common divisor of 20 and 1340.
20
What is the greatest common divisor of 86 and 688?
86
Calculate the greatest common factor of 20 and 36.
4
Calculate the highest common factor of 1038 and 354.
6
Calculate the greatest common divisor of 65 and 1235.
65
Calculate the greatest common factor of 760 and 2090.
190
What is the greatest common factor of 710 and 50?
10
Calculate the highest common divisor of 1694 and 28.
14
What is the greatest common factor of 102 and 51?
51
What is the highest common factor of 2 and 55?
1
Calculate the greatest common divisor of 2330 and 10.
10
Calculate the highest common divisor of 725 and 100.
25
Calculate the greatest common divisor of 122 and 13054.
122
Calculate the greatest common factor of 40 and 352.
8
Calculate the highest common factor of 1309 and 14.
7
Calculate the greatest common divisor of 100 and 275.
25
Calculate the highest common divisor of 44 and 4.
4
What is the greatest common divisor of 192 and 440?
8
What is the highest common divisor of 244 and 12?
4
Calculate the highest common divisor of 41 and 1681.
41
Calculate the greatest common factor of 77 and 847.
77
What is the highest common factor of 105 and 9?
3
Calculate the greatest common factor of 10 and 130.
10
Calculate the greatest common factor of 310 and 248.
62
Calculate the greatest common divisor of 242 and 2882.
22
What is the highest common divisor of 572 and 44?
44
Calculate the highest common factor of 36 and 156.
12
What is the highest common divisor of 7 and 385?
7
What is the greatest common divisor of 3 and 1698?
3
Calculate the highest common factor of 11219 and 13.
13
What is the greatest common factor of 504 and 288?
72
What is the highest common divisor of 291 and 97?
97
What is the greatest common factor of 558 and 36?
18
Calculate the highest common factor of 17 and 24803.
17
What is the greatest common factor of 3675 and 98?
49
Calculate the highest common factor of 1562 and 176.
22
Calculate the greatest common divisor of 1498 and 14.
14
What is the greatest common divisor of 11 and 55?
11
What is the highest common factor of 1092 and 84?
84
Calculate the highest common factor of 8320 and 104.
104
Calculate the highest common factor of 114 and 95.
19
Calculate the highest common divisor of 232 and 4.
4
Calculate the greatest common factor of 396 and 2934.
18
What is the highest common divisor of 228 and 3?
3
Calculate the greatest common factor of 62 and 341.
31
Calculate the highest common factor of 1020 and 60.
60
What is the greatest common factor of 56 and 3?
1
Calculate the greatest common divisor of 48 and 9.
3
What is the greatest common factor of 228 and 57?
57
What is the greatest common factor of 237 and 12?
3
What is the highest common divisor of 407 and 11?
11
Calculate the greatest common factor of 32 and 48.
16
Calculate the greatest common divisor of 3553 and 2261.
323
What is the highest common divisor of 17753 and 82?
41
What is the greatest common divisor of 395 and 79?
79
What is the greatest common divisor of 1215 and 10?
5
Calculate the greatest common factor of 16318 and 123.
41
Calculate the greatest common divisor of 18 and 48.
6
Calculate the highest common factor of 14 and 511.
7
What is the highest common factor of 186 and 12?
6
What is the greatest common factor of 305 and 195?
5
Calculate the greatest common divisor of 21 and 144.
3
What is the highest common factor of 9 and 3564?
9
What is the highest common divisor of 190 and 155?
5
What is the greatest common divisor of 144 and 162?
18
Calculate the highest common divisor of 15846 and 114.
114
What is the highest common divisor of 38 and 20406?
38
Calculate the greatest common divisor of 77 and 7623.
77
Calculate the highest common divisor of 24 and 60.
12
What is the highest common divisor of 76 and 19?
19
Calculate the highest common factor of 285 and 192.
3
Calculate the highest common divisor of 156 and 1332.
12
Calculate the greatest common factor of 203 and 29.
29
What is the greatest common factor of 4623 and 368?
23
Calculate the highest common factor of 133 and 38.
19
Calculate the greatest common factor of 427 and 497.
7
Calculate the greatest common divisor of 340 and 3893.
17
Calculate the greatest common factor of 28 and 764.
4
What is the greatest common factor of 54178 and 206?
206
What is the highest common divisor of 36 and 46044?
36
Calculate the highest common divisor of 2154 and 15.
3
Calculate the greatest common divisor of 2983 and 38.
19
What is the highest common factor of 100 and 1075?
25
Calculate the highest common factor of 748 and 308.
44
Calculate the greatest common factor of 4087 and 134.
67
What is the greatest common divisor of 20 and 110?
10
Calculate the highest common divisor of 38 and 1102.
38
What is the highest common factor of 1616 and 464?
16
What is the greatest common divisor of 17 and 119?
17
What is the greatest common divisor of 270 and 70?
10
Calculate the highest common divisor of 132 and 440.
44
Calculate the high